(w) = -4*j(w) - 9*p(w). Give t(3).
-7
Let f(s) = 7*s**2 - 5. Let q(h) = -13*h**2 + 9. Let z(p) = 11*f(p) + 6*q(p). Let y = 48 - 48. What is z(y)?
-1
Suppose -2*h + 5*y + 3 = -2, -h - 3*y = 14. Let l(j) = j**3 + 4*j**2 - 8*j - 6. Give l(h).
9
Let i(x) = -x**3 + 3*x**2 + 5*x - 4. Suppose 7*j = 1125 - 1097. Determine i(j).
0
Let b = -15 - -17. Let q(h) = 3 + b*h + 6 + 3. Calculate q(-8).
-4
Let j = 218 - 185. Suppose l = 40 - j. Let h(z) = 7*z**2 - 17*z - 11. Let y(b) = 4*b**2 - 9*b - 5. Let i(n) = -3*h(n) + 5*y(n). Determine i(l).
1
Let v(o) = o - 4. Let u(g) = g**3 + 9*g**2 + 6. Let q be u(-9). Suppose -5*k - q = -46. Calculate v(k).
4
Let z be (27/6)/3*(-36)/(-54). Let m = 4 + -1. Let b(a) = 4*a**2 - a - 3. Let n(o) = -4*o**2 + o + 2. Let g(v) = m*n(v) + 2*b(v). What is g(z)?
-3
Let m(u) = u**2 - 2*u. Let o be m(4). Let h(t) = -82 + 21 + 29 - 9*t**2 + 20 + 19 + 8*t + t**3. Calculate h(o).
7
Suppose 0 = 3*m - 9, 0 = -r + 2*r - 3*m + 8. Let h(l) = -l**3 - 4*l**2 - 4*l - 1. Let b be h(-3). Let u(j) = -j**b + 8 + 5*j**3 - 5 - 3 + j. What is u(r)?
5
Let l(a) be the third derivative of a**6/60 - a**5/20 + a**4/24 - 70*a**2. What is l(2)?
6
Let i(o) be the first derivative of o**2/2 - 4*o + 2245. Let h = -4 - -9. Calculate i(h).
1
Let z(m) = -m**2 - 2*m - 3. Let n(c) = 4*c**3 - 4*c**2 + c - 1. Let b be n(2). Let f = b + -8. Let h = f + -12. Determine z(h).
-6
Let l(c) = -c**3 - 3*c**2 + 2*c + 3. Let v be l(-2). Let s(y) = y**2 - 10*y + 11. Let m be s(9). Let i(h) = 1 - 3 + 8 + m*h. Give i(v).
-4
Let n(d) be the first derivative of d**4/4 - 2*d**3 - 7*d - 110. Give n(6).
-7
Let d = 5 + 1. Suppose -b - 4*b + 895 = 0. Let t(o) = 0*o**2 + o**2 - 5*o + b - 180. Give t(d).
5
Let g(c) = -c**3 + 1. Suppose -4*a - 5*b + 51 = 0, -a = -2*b - b. Let r = 1 + a. Let d = r + -9. Give g(d).
0
Let k(t) be the first derivative of t**4/4 + 2*t**3/3 - 2*t**2 + t + 641. Let o = 2 - 3. Let v(s) = -4*s**2 - s. Let w be v(o). Determine k(w).
4
Let o(i) = i**2 + 8*i - 15. Let b be o(2). Let g(f) = f**2 - 4*f + 2. Give g(b).
7
Let d(y) be the third derivative of -y**8/20160 + y**7/840 + y**5/20 + 15*y**2. Let m(f) be the third derivative of d(f). Calculate m(6).
0
Let q(b) be the third derivative of b**7/840 + b**6/90 + b**5/120 - b**4/12 + 5*b**3/6 + 11*b**2. Let u(j) be the first derivative of q(j). Give u(-3).
4
Let i(m) = 4*m - 2. Suppose -p + 4*g - 7*g - 15 = 0, -5*p + 5*g = -25. Give i(p).
-2
Let r be ((-4)/(-8))/(3/12). Suppose -5*o + r*j - 3 = 0, 3*j + 0 + 1 = 2*o. Let d(i) = 6*i**2 + i. Calculate d(o).
5
Let i(s) = s**2 + 4*s - 6. Suppose 4*b + 12 = -4*j, -j + 10*b - 13 = 6*b. What is i(j)?
-1
Let n(d) = -d**2 - 3*d - 5. Let m be (-2)/(-9) + (-261)/81. What is n(m)?
-5
Let p = 2066 + -2065. Let h(y) = -16*y**3 + 2*y**2 - y. Give h(p).
-15
Let u(q) = 21*q - 15. Let z(t) = -3*t + 2. Let s be (-3 - (-21)/(-14))/((-1)/10). Let w(c) = s*z(c) + 6*u(c). Give w(2).
-18
Let t(m) = -8*m + 15. Let d(c) = 31*c - 68. Let l(x) = -2*d(x) - 9*t(x). Let p(f) = -2*f - 4. Let s be p(-3). Let y = s + -1. Give l(y).
11
Let p(n) = 3 - 22*n**2 - 20*n**2 - 16*n**2 + 57*n**2 + 0 - 10*n. Determine p(-8).
19
Let k = 4 + 2. Suppose 0 = 4*m - 2 - k. Let t(b) = -b + 23 + 13 + 20 - 3*b - 53. Determine t(m).
-5
Let d(c) be the first derivative of -1/3*c**3 - 4*c + 12 + 7/2*c**2. Calculate d(5).
6
Let f = -14 + 20. Let q(x) = -6*x + 0 + 2*x**2 + 7*x**2 - 8*x**2 + 8. Let u(h) = -3*h**2 + 17*h - 25. Let b(n) = 7*q(n) + 2*u(n). Calculate b(f).
-6
Let k(d) = -2*d - 6. Let a be k(-4). Let g(q) = 3*q - 6*q**2 + 0 - 1 - a*q. Let b(w) = -91*w + 183. Let z be b(2). Give g(z).
-6
Let d = 146 - 142. Let y be (40/16)/((-2)/d) + 1. Let k(t) = -t**3 - 4*t**2 + t + 1. What is k(y)?
-3
Let z(a) be the third derivative of a**6/120 - a**5/15 - a**4/8 + a**3 + 13*a**2. Let f be 2 + 1 + 2 - 1. Determine z(f).
-6
Let d(m) = 4*m**3 - m**2 + 1. Let u be (-2)/(-8) - (-26)/(-8). Let q be (u/2)/((-3)/2). Calculate d(q).
4
Let h = 381 + -382. Let i(f) = f**3 - f**2 - f. Calculate i(h).
-1
Let n(x) = 1 - 10*x - x**2 + 8*x + 32*x**2. Calculate n(1).
30
Let g be (-25)/((-125)/(-10)) + -7 + 1. Let x(r) = r**2 + 9*r - 1. Determine x(g).
-9
Let b(f) be the first derivative of f**4/4 + 2*f**3/3 - f**2 - 2*f + 1. Suppose 0 = 4*q + 12, 2*a + q = -3*a - 18. What is b(a)?
-5
Let g(w) be the first derivative of 3*w**2/2 - 15*w - 215. What is g(5)?
0
Let i = 34 - 27. Let t(k) = k**2 - 8*k - 7. Calculate t(i).
-14
Let a(v) = 2*v**2 - 4*v - 4. Let x(s) = -2*s + 2. Let y(t) = -t. Let w(d) = x(d) - y(d). Let p be w(-2). Determine a(p).
12
Let l be 6/(-1 + 4) + -41. Let z = -38 - l. Let b(g) = g + 7. Let x(f) = -1. Let y(a) = z*b(a) - 3*x(a). Give y(0).
10
Let x(u) = 26*u + 1. Let q(d) = -7*d + 1. Let s(k) = 4*q(k) + x(k). Give s(3).
-1
Let n(u) = -u**2 - 8*u + 1. Let j be n(-9). Let v(h) = -2*h + 11. Let r(k) = 6*k - 32. Let s(l) = j*v(l) - 3*r(l). Determine s(6).
-4
Let j(h) be the second derivative of 4*h**3/3 - 41*h**2/2 - 3*h + 183. What is j(6)?
7
Let o(v) = v**3 + 4*v**2 + v - 3. Suppose 5*n = 3*z + 5, 4 = -2*z + 3*n + 1. Suppose z = -0*u - u - 3. Determine o(u).
3
Let b(t) = t**2 - t + 9. Suppose 0*c - 5*c + 5*l = -15, 0 = -c - 3*l + 19. Let r = c + -6. Let u be 2*r/(-2)*0. Determine b(u).
9
Suppose -51 + 51 = 6*i. Let t(k) be the third derivative of 1/60*k**5 - 7*k**2 + i*k - 1/24*k**4 + 0 - k**3. Determine t(0).
-6
Let g(i) be the second derivative of -i**3/2 - 49*i**2/2 - 497*i. Give g(-16).
-1
Let z(d) = 3*d**2 - 2*d + 6. Let v = 5 + -9. Let f(t) = 2*t**2 - 2*t + 5. Let x(u) = v*f(u) + 3*z(u). Give x(-4).
6
Let h(r) = -r**3 - 4*r**2 - 5. Let f = 6 + -4. Suppose 8 = f*p - 4. Let z = -10 + p. What is h(z)?
-5
Let z(a) = a - 7. Let h be z(7). Let t be 1/(1/3) + h. Let f(d) be the third derivative of -d**6/120 + d**5/15 + d**4/24 - d**3/2 + 145*d**2. What is f(t)?
9
Let k = 58 - 34. Let c be 8*3*(-4)/k. Let h(d) = d**2 + 6*d + 1. What is h(c)?
-7
Let k(v) = -v**2 - 3*v + 6. Let y = 28 + -57. Let m = y - -19. Let r be 52/m - (-1)/5. Give k(r).
-4
Let m(b) = -6*b**3 - 2*b**2 + 3*b - 6. Let j(c) = -7*c**3 - c**2 + 5*c - 7. Let z(g) = 5*j(g) - 6*m(g). Determine z(-6).
-5
Let s(z) = -z + 7. Let m(q) be the second derivative of -3*q**5/10 + q**4/12 + q**3/6 - q**2/2 - 10*q. Let d be m(1). Calculate s(d).
12
Let a = -4217/6 + 703. Let h(i) be the second derivative of -4*i + a*i**3 + 7/2*i**2 + 0. Calculate h(-5).
2
Let x(m) = -17*m + 38*m - 22*m. Let d be 95/20 + (-2)/(-8). Suppose -a - 6*h = -h, -3*h = -d*a + 28. What is x(a)?
-5
Let b(w) = 4*w - 45. Let s(f) = -2*f + 22. Let d(m) = 6*b(m) + 13*s(m). Let c be d(6). Let y(v) = v**2 - 4*v**2 + 4*v**2 - 5*v + 1. Give y(c).
-3
Let y(u) = 20*u + 9 - 8 + 21*u - 30*u. Give y(-1).
-10
Let f(k) = -59*k + 22. Let m(t) = 21*t - 8. Let q(c) = -3*f(c) - 8*m(c). What is q(-1)?
-11
Let g(d) = d**3 + d**2 + d - 2. Let f(z) = -3*z**3 + 7. Let r(c) = -f(c) - 4*g(c). Calculate r(-3).
4
Let f(l) = -19*l**2 + 5*l. Let j(x) = 13*x**2 - 3*x. Let i(c) = 5*f(c) + 8*j(c). Let r(b) = -19*b**2 - 2*b. Let z(k) = 13*i(k) + 6*r(k). What is z(-1)?
2
Let b(p) = -p**2 + p + 19. Let k = -569 - -569. Determine b(k).
19
Suppose -1 = -2*y + y. Let s be 16 - 13 - (7 - y). Let q(a) = -2*a. What is q(s)?
6
Let j(p) = -7*p - 17 - 35 - p**2 + 65. Give j(-9).
-5
Let k = 11 + 7. Let d(y) = -y + 20. Determine d(k).
2
Let m(z) = 8*z - 6. Let t be m(0). Let u be (-21)/(-9) + t/(-9). Let q(y) = 5*y + 2*y**2 - 4 - 2*y - y**3 + 0. What is q(u)?
-4
Suppose -4*h + 19 = 3. Suppose 2*w + 2 = 5*o - 4*o, -3*w - 14 = h*o. Let z(b) = -4*b. Calculate z(o).
8
Let f(y) = 5*y**2 - 4*y + 0*y + 3 - 2*y**2 - 3*y**3. Let r = -1551 + 1553. What is f(r)?
-17
Let m = 0 - 5. Let t be m/5 - (-6 + -2). Let r(f) = 4 + 213*f + 214*f - 641*f + 215*f. Give r(t).
11
Let k(a) = -5*a + 3 + a**2 - 4*a**2 - a**3 + 6*a**2. Suppose 22*p - 38 = 28. Determine k(p).
-12
Let l(b) = 2*b**3 - 5*b**2 - 3*b - 4. Let i be l(3). Let o(u) = -u**3 - 3*u**2 + 2*u + 3. Give o(i).
11
Suppose -9 = -j - 2*h, -j = 3*j - h - 27. Let v(n) = 2*n + j*n + 4 - n - 9*n. Determine v(-3).
7
Let g be (1 + 1)*(-20)/(320/72). Let n(x) = -x**3 - 10*x**2 - 9*x - 13. Calculate n(g).
-13
Let g be 5/210*7*0. Let c(w) be the third derivative of -w**4/24 + w**3/6 - 2*w**2. Give c(g).
1
Let w be (11 - 14) 